8?
False
Is 1108 a factor of 5511433?
False
Is 150801 a multiple of 45?
False
Is 769835 a multiple of 11?
True
Is 10166801 a multiple of 674?
False
Is 4 a factor of 5513?
False
Is 9 a factor of 847972?
False
Is 853144 a multiple of 258?
False
Does 47 divide 1733548?
True
Is 29 a factor of 2094410?
False
Is 12 a factor of 51768?
True
Is 36 a factor of 678453?
False
Is 288695 a multiple of 11?
True
Does 16 divide 118949?
False
Is 18 a factor of 6920856?
True
Is 659308 a multiple of 62?
True
Does 123 divide 8100077?
False
Is 286719 a multiple of 67?
False
Does 104 divide 294032?
False
Is 8759573 a multiple of 14?
False
Is 22 a factor of 6443998?
True
Is 174069 a multiple of 21?
True
Is 76 a factor of 13528?
True
Does 191 divide 9192448?
True
Is 42 a factor of 1929984?
True
Is 14 a factor of 5992318?
False
Is 33 a factor of 563112?
True
Is 314352 a multiple of 134?
False
Is 12025 a multiple of 185?
True
Does 9 divide 143407?
False
Is 298073 a multiple of 14?
False
Is 73 a factor of 2260372?
True
Does 3060 divide 28363140?
True
Is 15 a factor of 3707608?
False
Does 3 divide 34950?
True
Is 1082250 a multiple of 1259?
False
Is 253 a factor of 299552?
True
Is 126 a factor of 505239?
False
Does 61 divide 33100?
False
Does 39 divide 1700283?
True
Is 450 a factor of 1315350?
True
Is 10 a factor of 137470?
True
Is 718 a factor of 311839?
False
Does 80 divide 199079?
False
Does 3 divide 36075?
True
Is 3 a factor of 18870?
True
Does 221 divide 1294831?
False
Is 12 a factor of 11160?
True
Is 14888187 a multiple of 801?
True
Does 235 divide 940915?
False
Is 43 a factor of 59125?
True
Is 52 a factor of 8421486?
False
Does 405 divide 4791814?
False
Is 34929 a multiple of 21?
False
Does 10 divide 101404?
False
Is 148 a factor of 357739?
False
Is 418916 a multiple of 5?
False
Is 6 a factor of 699012?
True
Does 5 divide 36531?
False
Is 17 a factor of 67250?
False
Is 48329 a multiple of 34?
False
Does 33 divide 140679?
True
Is 41 a factor of 4239315?
False
Is 161 a factor of 1381896?
False
Does 33 divide 988482?
True
Is 42784 even?
True
Is 67 a factor of 166570?
False
Is 31 a factor of 3003125?
True
Does 113 divide 5670731?
False
Is 45091 a multiple of 14?
False
Is 23 a factor of 14729982?
True
Does 259 divide 219014?
False
Is 387101 a multiple of 13?
True
Does 14 divide 954408?
True
Does 22 divide 280082?
True
Is 2 a factor of 135159?
False
Is 3 a factor of 15951?
True
Does 14 divide 191785?
False
Is 81 a factor of 22784?
False
Does 102 divide 27009605?
False
Is 1793792 a multiple of 1078?
True
Is 8 a factor of 38316?
False
Is 378 a factor of 8031645?
False
Does 380 divide 9058820?
True
Is 366894 a multiple of 18?
True
Does 136 divide 349422?
False
Is 1547065 a multiple of 13?
True
Is 13 a factor of 447616?
True
Is 9 a factor of 17906298?
False
Is 18615 a multiple of 37?
False
Does 28 divide 527273?
False
Does 87 divide 2226504?
True
Is 630 a factor of 1733450?
False
Is 31 a factor of 329034?
True
Is 36 a factor of 7720596?
True
Is 306160 a multiple of 344?
True
Does 4 divide 5672?
True
Does 26 divide 2233151?
False
Does 6 divide 80923?
False
Is 1090 a multiple of 51?
False
Is 19 a factor of 8233631?
True
Does 329 divide 10528?
True
Is 85 a factor of 1021700?
True
Is 7 a factor of 1191965?
False
Is 201630 a multiple of 143?
True
Is 9868 a multiple of 15?
False
Is 43555 a multiple of 5?
True
Does 20 divide 116067?
False
Does 8 divide 1439912?
True
Is 399507 a multiple of 7?
False
Does 16 divide 1674502?
False
Is 12 a factor of 90939?
False
Is 152000 a multiple of 100?
True
Is 26 a factor of 3968378?
False
Is 154 a factor of 5391629?
False
Does 4 divide 816735?
False
Does 861 divide 3763646?
False
Does 4 divide 1992188?
True
Is 1501392 a multiple of 12?
True
Does 47 divide 103306?
True
Is 17 a factor of 18311?
False
Is 1181233 a multiple of 203?
False
Does 594 divide 6614784?
True
Is 94 a factor of 3208?
False
Does 32 divide 8149472?
True
Is 952320 a multiple of 22?
False
Is 6760 a multiple of 4?
True
Does 11 divide 1311530?
True
Does 570 divide 548776?
False
Is 22 a factor of 1794878?
False
Is 352611 a multiple of 7?
True
Does 43 divide 9374?
True
Does 124 divide 2437525?
False
Does 91 divide 18568?
False
Is 3423088 a multiple of 51?
False
Does 35 divide 226695?
True
Is 1092 a multiple of 182?
True
Is 8056013 a multiple of 67?
True
Is 6680966 a multiple of 259?
False
Does 535 divide 606690?
True
Is 65926 a multiple of 554?
True
Is 2620 a multiple of 8?
False
Is 328691 a multiple of 145?
False
Does 5 divide 10010979?
False
Is 57 a factor of 538764?
True
Does 207 divide 4978143?
True
Is 124 a factor of 305743?
False
Is 498558 a multiple of 32?
False
Is 35 a factor of 562634?
False
Is 439 a factor of 1820278?
False
Is 42926 a multiple of 5?
False
Is 62730 a multiple of 15?
True
Is 117 a factor of 88101?
True
Is 28 a factor of 188230?
False
Is 22386773 a multiple of 15?
False
Does 12 divide 101232?
True
Does 14 divide 294966?
True
Is 509 a factor of 1067882?
True
Is 14 a factor of 99704?
False
Is 29576 even?
True
Is 9644635 a multiple of 574?
False
Is 353 a factor of 338174?
True
Does 131 divide 9326504?
False
Does 228 divide 285043?
False
Is 2049630 a multiple of 6?
True
Is 366 a factor of 13963?
False
Is 152963 a multiple of 135?
False
Is 10 a factor of 3823450?
True
Does 534 divide 13572678?
True
Is 37958 a multiple of 56?
False
Is 104220 a multiple of 36?
True
Is 15 a factor of 30285?
True
Is 2 a factor of 443110?
True
Does 372 divide 1972929?
False
Is 1067071 a multiple of 153?
False
Is 115306 a multiple of 316?
False
Is 9 a factor of 3521583?
True
Is 255306 a multiple of 333?
False
Is 338352 a multiple of 304?
True
Is 1487096 a multiple of 13?
True
Does 35 divide 44496?
False
Is 12 a factor of 466919?
False
Does 76 divide 7409802?
False
Does 6 divide 3169995?
False
Is 1019700 a multiple of 55?
True
Is 78 a factor of 906094?
False
Is 344 a factor of 286896?
True
Is 524753 a multiple of 53?
True
Is 671162 a multiple of 155?
False
Is 7 a factor of 44992?
False
Does 1360 divide 1292729?
False
Is 1115718 a multiple of 374?
False
Is 25806 a multiple of 6?
True
Is 854 a factor of 1058106?
True
Is 23 a factor of 8798966?
False
Does 22 divide 33826958?
True
Is 319770 a multiple of 45?
True
Is 6444168 a multiple of 46?
False
Is 406086 a multiple of 188?
False
Does 55 divide 35166?
False
Is 260 a factor of 980460?
True
Is 946 a factor of 6896234?
False
Does 514 divide 968376?
True
Is 52 a factor of 125320?
True
Does 363 divide 221067?
True
Is 63 a factor of 47185?
False
Does 255 divide 1070190?
False
Is 8 a factor of 137445?
False
Does 7 divide 6022262?
False
Does 1018 divide 22529072?
False
Is 858682 a multiple of 23?
True
Does 4 divide 2381952?
True
Does 780 divide 1262820?
True
Is 977 a factor of 5815104?
True
Is 15 a factor of 6679245?
True
Does 8 divide 443050?
False
Is 25 a factor of 279851?
False
Is 22 a factor of 34630592?
False
Does 61 divide 74498?
False
Does 153 divide 1588752?
True
Does 4 divide 27962?
False
Does 16 divide 24364144?
True
Is 10 a factor of 106130?
True
Does 8 divide 16418042?
False
Is 193416 a multiple of 11?
False
Does 36 divide 36360?
True
Does 8 divide 2221181?
False
Is 454322 a multiple of 4?
False
Is 840560 a multiple of 380?
True
Is 4564703 a multiple of 11?
True
Is 147375 a multiple of 131?
True
Is 11003159 a multiple of 89?
True
Is 6 a factor of 10410468?
True
Is 45377 a multiple of 6?
False
Is 217 a factor of 146139?
False
Is 1688049 a multiple of 8?
False
Does 427 divide 375677?
False
Does 74 divide 240852?
False
Is 559 a factor of 8437546?
True
Is 165515 a multiple of 10?
False
Does 14 divide 89599?
False
Is 477818 a multiple of 1174?
True
Is 6556264 a multiple of 484?
True
Does 114 divide 268356?
True
Is 122 a factor of 132958?
False
Does 470 divide 1384620?
True
Is 375 a factor of 202216?
False
Does 144 divide 99792?
True
Does 30 divide 66690?
True
Does 798 divide 4783746?
False
Is 236 a factor of 1034545?
False
Is 59 a factor of 3017732?
True
Is 11 a factor of 118466?
False
Is 48396 a multiple of 3?
True
Is 49140 a multiple of 18?
True
Is 7 a factor of 4724384?
True
Does 12 divide 21618924?
True
Is 32440 a multiple of 9?
False
Does 574 divide 617517?
False
Is 253083 a multiple of 19?
False
Does 12 divide 470876?
False
Is 542625